/(-1340) - (-1)/10. Is u(q) a composite number?
False
Let b(n) = 49*n + 4. Let m(q) = 50*q + 5. Let f(p) = -6*b(p) + 5*m(p). Let w = -12 + 10. Is f(w) composite?
False
Let n(l) = 10*l**2 - 5*l - 8. Let d be n(-2). Suppose 26 = 4*p - d. Suppose p*o - 5847 = 14*o. Is o a composite number?
False
Let l(y) = -48*y + 5. Suppose -5*f + 3*r - 24 = 0, 2*r = 2*f - 0*r + 8. Is l(f) a composite number?
False
Suppose 5*i + 17 = -2*n, -3*n + 10 = -4*n - 4*i. Is 3/n - 4/(64/(-93432)) prime?
True
Let j be 1 + 1 + -4 + 4. Suppose -j*y - 16 = 4*c, 5*y + 2*c + 2*c = -64. Let i(v) = 3*v**2 + 17*v + 1. Is i(y) composite?
True
Let y(f) be the first derivative of f**4/2 - 4*f**3/3 + 3*f**2/2 - 3*f + 9. Let k be y(2). Suppose 0*l = k*l - 2127. Is l a prime number?
True
Is -8641*(-3 - -4)*1/(1/(-1)) a prime number?
True
Let d(h) = 141*h**2 - 11*h + 127. Is d(52) prime?
True
Suppose 4*b + 8859 = i, 5*i - 5*b = -0*i + 44220. Suppose 17722 = 23*o - 21*o + 5*x, o - 3*x = i. Is o composite?
True
Suppose i + m - 52 = -m, 5*i = 4*m + 288. Let d = i + 198. Is d a prime number?
False
Let h be -1 - (-4*(-6)/8 - 13996). Suppose -13*w + 9*w = -h. Suppose -7*f + 13*f = w. Is f composite?
True
Let h(g) = 37*g**2 - 8*g + 0*g + 1 - 4*g - 3*g. Is h(11) a prime number?
False
Suppose -9*j + 271490090 = 361*j. Is j composite?
False
Is (-37100896)/(-2240) + 3/30 a composite number?
True
Let l = 3408 - 1936. Suppose l + 852 = 4*t. Is t a composite number?
True
Suppose -17*m - 13 = -20*m + 2*g, -3*g = -5*m + 21. Is (-549056)/(-138) + (-5)/m prime?
False
Suppose -2*m - 3*u = -55, -3*m - 5*u + 0*u + 85 = 0. Let d be ((-76)/10)/((-4)/m). Let f = 72 - d. Is f prime?
False
Is ((-4167715)/(-690))/((-1)/(-6)) prime?
True
Is (16/(-12))/((-24)/42*(-28)/(-626124)) a prime number?
True
Suppose 5*x = d - 395, 0*d - 2*x + 374 = d. Suppose 0 = 2*o - 4*k + d, 5*k - 2*k - 381 = 2*o. Is (-1 - o)*(3 - 2) a prime number?
True
Let i = 41 - -25. Suppose -i*f + 21740 = -46*f. Is f composite?
False
Let p(l) = 685*l - 3429. Is p(22) composite?
True
Suppose -159*u + 13934838 + 18310203 = 0. Is u composite?
False
Suppose 2*l = -4*q + 120952, 0 = 3*q - 4*l - 67205 - 23509. Let z = -16533 + q. Is z a prime number?
False
Suppose 2*d = -5*d - 112. Let r = 19 + d. Suppose 0 = 2*k - 6, -a + r*k = 5*k - 40. Is a a composite number?
True
Let j(v) = 54*v + 53. Let z be (-12 - -1)*9/27*-3. Is j(z) prime?
True
Let d be 12/32*-4*-2. Is ((-2705)/10)/(d/(-18)) composite?
True
Let g(j) = 332*j + 66. Let n(f) = 2*f - 2. Let r(o) = g(o) - n(o). Is r(47) prime?
False
Suppose 2*m = -0*m + 4*k + 94130, -k = 3*m - 141216. Is m a prime number?
False
Is 14/(-4)*(-281381468)/3794 a composite number?
False
Suppose -6520 + 955 = -7*b. Suppose -5*w + b = 3*a + 2*a, -5*w = -5*a + 815. Suppose 38 + a = i. Is i prime?
True
Suppose -58*c = 27459 - 16679665. Is c composite?
False
Suppose 5*w - 4*l - 6 = 0, 3*l + l = 2*w - 12. Let o be ((-3767)/(-2))/((-1)/w). Suppose -o = -5*h + 4*r, 0 = -h - 2*r + r + 748. Is h prime?
True
Suppose 4*y + 4*p = 309260, 806*y + 309270 = 810*y - p. Is y prime?
True
Let t = 315 - 323. Is 2/t - ((-23985)/36 + 4) composite?
True
Suppose -172101 = -3*k + 4*x, 6*k - x = 8*k - 114734. Is k prime?
True
Let d = 351640 - 241641. Is d composite?
True
Let t = 29 - -14. Let u = 45 - t. Is 7/((8/844)/u) a prime number?
False
Suppose -5*t + 8544610 = 4*l + 1243793, -4*t + 3*l + 5840635 = 0. Is t composite?
False
Let l = 326 - 323. Suppose -l*u + 2*u = -1673. Is u a prime number?
False
Suppose -793026 = -201*v + 183*v. Is v a prime number?
False
Let p(y) = y + 12. Let o be p(-19). Let i(u) = -699*u + 28. Let h be i(o). Suppose 0 = 10*j - h - 1869. Is j composite?
True
Let b(j) be the third derivative of 12*j**5/5 - j**4/4 - j**3/3 + 3*j**2. Suppose 0 = 34*q - 28*q + 12. Is b(q) composite?
True
Suppose 24*j + 3*i = 23*j + 158531, -j + 2*i = -158501. Is j composite?
True
Suppose 3*g - 8 = 2*x, -10*g + 9 = -5*g + x. Is (((-28098)/(-35))/(-9))/(g/(-115)) a prime number?
False
Let v(d) = -12657*d - 862. Is v(-5) composite?
False
Suppose 4*p = 4*h + 11455 - 58771, 5*h = -3*p + 59145. Is h a prime number?
False
Let n(s) = s**2 - 3. Let r be n(-3). Suppose -r*t = -2*t - 8. Suppose 4*y + 5*b - 3558 = 0, y + 1770 = 3*y - t*b. Is y a prime number?
True
Let l(a) = 13*a**3 + 4*a**2 - 13*a + 11. Let v(r) = 7*r**3 + 2*r**2 - 7*r + 6. Let x(i) = 6*l(i) - 11*v(i). Let m be x(-2). Is 24 - -1812 - (-1)/m*-2 prime?
False
Let c be 0/61*(-2)/(-4). Suppose -3*r - 26624 + 3420 = -2*m, c = -3*m - r + 34795. Is m a composite number?
True
Suppose -3*j + 20 = -16. Suppose j = -2*g + 4*p, -p + 3*p - 8 = 0. Suppose -1594 = -0*c - g*c. Is c composite?
False
Suppose 31*a - 3394 = 264229. Let d = -4180 + a. Is d prime?
False
Let i = 804 - 453. Let r = 389 - i. Is r a composite number?
True
Let d(r) be the third derivative of r**5/60 - r**4/4 - r**3/2 + 21*r**2. Let q be d(7). Suppose -i = -0*x - 5*x + 4540, -x = q*i - 887. Is x prime?
True
Suppose -4*w + 4*i + 7208 = 0, -5*w + i = -12776 + 3766. Let z = w + 1377. Suppose -g - 5*x + z = g, 2*x + 6 = 0. Is g prime?
True
Let b = 44545 + 36973. Is b a prime number?
False
Let t(n) = n**3 - 19*n**2 + 78*n + 3. Let f be t(6). Let b(s) = -3*s - 1. Let w be b(-2). Is f/w - 104336/(-40) a prime number?
True
Let z = 178 + -100. Suppose 75*v = z*v - 9. Suppose x = 2*x + v*t - 67, -131 = -2*x - 5*t. Is x a prime number?
False
Suppose -2*m = -3*t - 728009, -1361*m + 1360*m = -t - 364002. Is m a prime number?
False
Let a = 88 + -83. Suppose -2*l - 14 = -2*d, a*d = 2*d - 5*l - 11. Suppose -d*y + 1843 = -1190. Is y prime?
False
Let u = -77818 - -151725. Is u a prime number?
True
Let f(m) = 1045*m**2 + 38*m - 5. Let k be f(5). Suppose -311*y = -317*y + k. Is y composite?
True
Suppose p + 4*p = 9080. Suppose 4*z = 10 + 6, -2*r - p = -5*z. Is (2/7 - (-11)/(-14))*r composite?
False
Let f(q) = -4533*q - 99. Let z be f(-7). Suppose 11*o = 43421 + z. Is o a prime number?
True
Let b(r) be the first derivative of -38*r**4 - 4*r**3 - 8*r**2 + 7*r + 76. Is b(-4) composite?
True
Let l(a) = 8*a - 48. Let t be l(5). Is 2/((t/(-126364))/(4/28)) a prime number?
True
Let l(j) = 49*j**2 + 33*j - 12. Let f be l(-9). Let w = -1426 + f. Is w a prime number?
False
Suppose -3*a = 4*g - 11, 24 = 2*a + 2*g + 16. Suppose -q = j + 126 - 4988, 24308 = a*q + 3*j. Is q composite?
False
Let x be (2820/45)/((-6)/171). Is (x/(-5))/((-6)/(-15)) a prime number?
False
Is (-25257)/(-2)*70/105 prime?
True
Let z = 304379 + -125658. Is z prime?
False
Suppose 0 = -6*i + 5*i - 6278. Let t = 14247 + i. Is t a composite number?
True
Let n(s) = 3*s**3 - 9*s**2 + 2. Let o be n(3). Let h(z) = -2*z**2 - 4*z + 2. Let u be h(o). Is (-1 - -38)/(u/(-154)) prime?
False
Let f be (-196)/(-9) - 12/(-54). Suppose 5*n - f = 8. Is (1610/15)/(4/n) a prime number?
False
Suppose 3*r - 5*a = 21, -21 = -3*r - 4*a - 0. Suppose 0 = 4*z - 5 - 19. Is ((-2498)/z)/(r/(-21)) composite?
False
Suppose -5*a - 2*n + 23471 = 0, -4*a - 3*n + 12078 + 6703 = 0. Let o = a - 2894. Is o a prime number?
False
Let z(c) = -3*c**3 + 7*c**2 + 5*c + 2. Let b be z(4). Let a(q) = q**3 + 66*q**2 - 81*q + 255. Is a(b) a composite number?
True
Suppose -3*u = 2*u - 3*d - 2245, 4*u + 3*d = 1769. Let z = -255 + u. Is z composite?
False
Let f(j) = 443*j**2 - 42*j - 275. Is f(-12) composite?
True
Let r be -1 - (-1)/2*38. Let q = 14 + r. Let x = q - -107. Is x composite?
False
Suppose 379*c = 114*c + 9672 + 54988. Let f(v) = 13*v**2 + v + 1. Let w be f(3). Suppose h - w = c. Is h composite?
True
Suppose -t - 3*c = -21217, 267*c = 3*t + 270*c - 63639. Is t prime?
True
Let g(i) = 2840 + 31*i - 3*i - 2935. Is g(19) prime?
False
Is ((-401204)/(-14))/(60/210) prime?
False
Let r(w) be the third derivative of w**5/30 + 3*w**4/4 - 5*w**3/6 - 13*w**2. Is r(12) composite?
False
Let y be (-2)/9 - 38/36*284. Let o be ((-40)/32)/(2/(-856)). Let r = y + o. Is r a composite number?
True
Let a = 2613 + -1398. Suppose -a = -5*o + 1220. Is o prime?
True
Suppose u - 18669 = 4*l + 23612, -u + 42281 = l. Is u a prime number?
True
Let t be 0/1 + (-4 - -1 - -6). Suppose -t*u = 2*l - l - 548, 4*l - 2184 = -4*u. Is l prime?
False
Suppose -89*i + 29*i + 12457289 + 25058611 = 0. Is i a composite number?
True
Is ((-6)/4)/(6 - (-135)/(-30)) + 6482 a p